= j**3 + 12*j**2 - 17*j - 17. Let k be d(x). Suppose -4*w - 5*i + k - 13 = 0, 0 = 4*w - 3*i - 190. Is w composite?
True
Let k = 3 + -1. Let w(q) = -3 + 4*q + 3 + 6*q**k - 4. Is w(3) prime?
False
Is (6 - -9)*37/3 composite?
True
Suppose -2*j = -2*k + j - 11, -4*k + 13 = j. Suppose 3*s - 4*y - 270 = 369, k*s - 419 = 5*y. Is s prime?
False
Let r = -23 - -352. Is r a prime number?
False
Suppose -2*k = -3*k + 781. Is k a composite number?
True
Suppose -2*k - 2*u = u - 925, 3*k - 3*u = 1410. Is k a composite number?
False
Suppose 2*r - 16 = -2*r, 2*w - r = 0. Suppose -w*j + 4*c = -c - 5, -5*c - 5 = -5*j. Suppose -s - 5*a + 9 = j, 2*s = -a + 8 + 28. Is s composite?
False
Let n = 214 + 277. Is n composite?
False
Suppose -5*y - 72472 = -13*y. Is y prime?
True
Let f be (60/50)/((-3)/10). Is (23*-5)/(f - -3) a composite number?
True
Let b be 4/(-4)*1 - -5. Let x(p) = 35*p + 3. Is x(b) a prime number?
False
Let p(f) be the first derivative of -15*f**2 + 11*f + 3. Is p(-8) a composite number?
False
Suppose -4*h = -2*x - 5918, 0 = -4*x + 5*x - 3. Is h a prime number?
True
Let p = 57 + -32. Let r = -6 + p. Is r prime?
True
Is (-631)/4*2*-2 composite?
False
Let w be 5/1 + 2/(-1). Suppose 0 = z - w + 1. Suppose 113 = 2*j - m, 4*j - z*m = 2*j + 108. Is j a prime number?
True
Let o(s) = -98*s - 17. Let f(h) = h**2 - 4*h - 12. Let u be f(5). Is o(u) a prime number?
False
Let y(x) = x**2 - 10*x - 8. Let l(b) = -b**2 + b + 1. Let p(d) = -2*l(d) - y(d). Let z be p(-8). Suppose -105 = 3*v - z*v. Is v a prime number?
False
Suppose 0 = -4*k + 5*k + 101. Let j = 28 - k. Is j a prime number?
False
Suppose 3 = -4*f + y - 5, 2*f = 4*y + 10. Is f*(-1 - (-1 + 2)) prime?
False
Let m(o) = -2 + 5*o**3 - 2 + 1 - 42*o**3. Is m(-2) composite?
False
Let n = 5 + 480. Is n a composite number?
True
Let x = -16 - -44. Let j be (-2)/(-4) + (-6)/(-4). Suppose -x = -j*c + v, v + v - 4 = 0. Is c composite?
True
Suppose 0 = 4*w - 3*w - 4. Suppose 5*q + 3*b = w*b + 166, -q - 4*b + 29 = 0. Is q a prime number?
False
Is ((-1)/(-4))/((-7)/(-2212)) a prime number?
True
Let a(t) = 254*t**2 + 5. Is a(-3) a prime number?
False
Let g(j) = 117*j**2 + 4*j + 13. Is g(-6) a composite number?
False
Let q(z) = 10*z**2 + 2*z + 11. Is q(-11) composite?
True
Let d(o) = 3*o**2 + 15*o - 5. Let y(r) = -r**2 - r. Let u(l) = d(l) + 4*y(l). Is u(9) prime?
True
Let y = 286 + -35. Is y a prime number?
True
Is 7062/4 + -1 - 18/(-36) prime?
False
Let u = -60 + 209. Is u composite?
False
Is 770/(-15)*3/(-2) prime?
False
Let p(k) = k**3 - 5*k**2 + k + 11. Let l = 2 - -8. Let c be l*(2 - (-18)/(-15)). Is p(c) a prime number?
True
Let t be (-9 + 2 - 0)*-1. Is (t/(-6))/(3/(-18)) composite?
False
Let c be (-6)/12 - (-153)/2. Suppose 0*h = 5*h + 2*g + 11, 5 = -2*h - g. Let l = c - h. Is l composite?
True
Let o = 18 - 12. Let m = o - 6. Let n = m + 25. Is n prime?
False
Let k(z) = -318*z - 1. Is k(-2) a prime number?
False
Let o(q) = q**2 - 10*q + 11. Let c be o(9). Suppose 2*z - c*h + 134 = 0, 2*z - 2*h - 2*h + 134 = 0. Let w = -34 - z. Is w prime?
False
Let s(k) = k**2 - k - 2. Let a be s(-3). Suppose a*v = 5*v + 25. Suppose v*n + 260 = 5*t, n + 4*n - 58 = -t. Is t prime?
True
Let t be 2/8 - (-558)/8. Suppose -6 + t = u + 3*w, 2*u + 5*w = 123. Is u prime?
False
Suppose 2*j + 5*j - 805 = 0. Is j a prime number?
False
Let b(h) = 7*h**2 - 13*h + 13. Is b(6) prime?
False
Let l(z) = 4*z**2 - 2. Let s(n) = -n**2 - 6*n - 2. Let t be s(-6). Let h be l(t). Let b = 27 - h. Is b a prime number?
True
Let c(m) = m**3 + 6*m**2 + 4*m - 4. Let k be c(-5). Let w = 15 - 22. Is k + (-7)/(w/24) prime?
False
Let r(d) = 19*d - 4. Is r(3) prime?
True
Suppose -9 + 30 = 7*c. Suppose 0 = c*s + 244 - 853. Is s a prime number?
False
Let l be 1 - 4 - -5*1. Let a be (0 + l)/((-12)/(-1470)). Suppose 0 = 4*x + x - a. Is x a prime number?
False
Let t be 188 - (-8)/4*-1. Let j = 73 + t. Is j composite?
True
Let g be -1 + 4 + 6 + -7. Suppose -z - a + 79 = g*a, 0 = 4*z - 3*a - 376. Is z composite?
True
Let g(n) = n. Let j be g(-4). Let d be j/(-6)*(-6)/(-2). Suppose -2*p + 60 = 3*p - 5*y, -p + d*y + 14 = 0. Is p composite?
True
Let l(c) = c**3 + 5*c**2 - 6*c - 3. Let n be l(-4). Suppose -3*y - 4*f = -n, -5*y + 0*f + 69 = 3*f. Is y a composite number?
True
Suppose -3*s - u + 22 = 0, 3*u = -2*s - 1 + 4. Is ((-6)/s)/(3/(-423)) composite?
True
Let h = 1916 + -1323. Is h composite?
False
Is 127 + 0 + 3 - -1 a prime number?
True
Let l = -21 + 67. Let u = -27 + l. Is u composite?
False
Let z(y) = -4*y + 1. Let i be z(-5). Suppose -i = -3*h - 4*k - 0, -3*k = -3*h. Suppose -4*q + 100 = -4*l, h*l + 2 - 42 = -2*q. Is q a prime number?
True
Suppose f + 26 = 157. Let a = f + -83. Let i = a - 26. Is i a composite number?
True
Suppose -383 = -4*a + 3725. Is a a prime number?
False
Suppose 5*a + 13 - 3 = 0. Let c(l) = -l + 2. Let n be c(a). Suppose y = 15 + n. Is y composite?
False
Let p(m) = -m**3 - 10*m**2 + 2. Let y be p(-10). Suppose y*c = 787 - 201. Is c a composite number?
False
Let o(j) = 17*j + 4. Let u(t) = 16*t + 5. Let z(n) = 5*o(n) - 6*u(n). Is z(-7) a prime number?
True
Let x = 233 - 130. Is x a composite number?
False
Suppose 5*t - 1439 = 4*t. Is t a prime number?
True
Let b(d) = -d - 1. Let t be b(-1). Suppose 2*r = -t*r + 616. Suppose -r - 162 = -2*k. Is k composite?
True
Let m(a) be the first derivative of -31*a**2 - 13*a - 3. Is m(-6) a composite number?
False
Let p(f) = -4*f - 3. Let i be p(-2). Suppose 3*z + 2*z - 10 = i*c, -3*z = 3*c - 18. Suppose -z*t + 488 = 4. Is t a prime number?
False
Let q = 3 - 12. Let a be 5*(0 + q - -1). Let h = 77 + a. Is h a prime number?
True
Suppose 2*s = 629 + 31. Is 2 - 1 - s/(-5) a composite number?
False
Suppose -3*y + 4*k - 1 = -10, -5*k = 0. Suppose -y*x = -x - 66. Is x composite?
True
Let k(j) = -j**3 - 2*j**2 + 5*j + 1. Suppose 0 = 4*p - 2*x - 2, 0 = -p + 6*p + 4*x + 30. Let i be 2/4*(-8 + p). Is k(i) a prime number?
False
Suppose g + 5*k = 240, 2*g + k - 360 = 75. Is g prime?
False
Let m(d) = 558*d**2 - d. Let r be m(-1). Let i = r - 306. Is i a prime number?
False
Let c(i) = 4*i**2 - 7*i - 8. Is c(7) a prime number?
True
Let w(s) = 2*s**2 - 5*s - 5. Let g be ((-1)/1)/((-1)/(-12)). Let d be ((-9)/g)/((-3)/(-24)). Is w(d) prime?
True
Let a(z) = -7*z. Let t be a(-5). Suppose 4*j + 24 = y + y, 4*y + 5*j = t. Is y a prime number?
False
Suppose -2*q + 2*w + 2*w - 1504 = 0, 3*w + 1539 = -2*q. Is q/((-2)/(3 - 2)) a prime number?
False
Suppose -15 = 5*b, -3*b - 83 = -4*g + 2*b. Let c = 26 + g. Is c prime?
True
Suppose 4*o + 2 = -10, -q = -3*o - 896. Is q a prime number?
True
Let o(w) = 2*w**2 - 4*w - 1. Is o(-5) composite?
True
Is (0 - -1)*(-3 + (226 - 0)) composite?
False
Suppose 2*v = -a + 1112, -v + 2*a = 4*v - 2789. Is v composite?
False
Suppose -4*z + 62 = -110. Suppose 4*h + 10 = 5*x, 4*x + 5*h = x + z. Suppose -4*v + 128 = 3*a, 2*a - x*a - 121 = -3*v. Is v composite?
True
Suppose 2*q - 7 = q + h, 0 = q - 4*h - 13. Suppose -v = -i + q, -3*v = v + 8. Suppose -i*x + 6 = -x. Is x composite?
False
Suppose -3*p + 0*p + m = 22, 46 = -5*p - 3*m. Is 69 - (-7)/(28/p) prime?
True
Let r(t) = t**2 - t + 677. Is r(0) composite?
False
Let b = -6 + 7. Suppose 0 = -5*h - 617 + 2. Is 0 - (2 + h)/b composite?
True
Suppose 2*b - 19 + 75 = 0. Let q = b + 13. Let l = 34 - q. Is l prime?
False
Let m(j) = -2*j**3 - 9*j**2 + 12*j + 10. Let q be m(-9). Suppose -q = -4*l + 1317. Is l a prime number?
True
Suppose -5*w + 2 = -23. Suppose 4*k = -4*h + k + 16, -3*k = w*h - 20. Suppose 98 = 2*q - h. Is q a prime number?
False
Suppose 3*r = 3 + 3. Let q be (-266)/(-10) - r/(-5). Suppose -5*l + 123 = 4*k, -l = k + l - q. Is k a prime number?
True
Let j = 187 + 36. Is j composite?
False
Suppose 2*v - 12 = -v. Let x(t) be the second derivative of t**3/2 - t**2 - 5*t. Is x(v) a composite number?
True
Let x(h) = -2*h**2 - 5*h + 2. Let w(u) = 2*u**2 + 5*u - 3. Let v(c) = -4*w(c) - 5*x(c). Let l be v(-3). Is 4/(-20) + 31/l a prime number?
False
Suppose -23 = -4*g - 5*w, -2*g + 3*w = -0 + 5. Suppose 3*c = -3*o + 147, 4*c - o = g*c + 110. Is c composite?
False
Let d = 274 - 135. Is d a composite number?
False
Let x be 2/6 + 44/12. Let r = 23 - x. Is r prime?
True
Suppose -5*u = -u - 28. Suppose 2*c - u*c = -5*a - 35, 0 = 3*c + 3*a - 27. Let t(x) = x**3 